hen 4083911 is divided by 28?
27
Calculate the remainder when 93414 is divided by 31126.
36
What is the remainder when 628315 is divided by 13?
12
What is the remainder when 21695 is divided by 339?
338
What is the remainder when 12990 is divided by 25?
15
Calculate the remainder when 53909 is divided by 143.
141
What is the remainder when 1758 is divided by 872?
14
What is the remainder when 602601 is divided by 1274?
1273
What is the remainder when 1243 is divided by 1177?
66
Calculate the remainder when 79741 is divided by 205.
201
Calculate the remainder when 138309 is divided by 204.
201
Calculate the remainder when 355268 is divided by 57.
44
What is the remainder when 847078 is divided by 724?
722
Calculate the remainder when 117235 is divided by 55.
30
What is the remainder when 41705 is divided by 20823?
59
What is the remainder when 4513506 is divided by 167?
164
Calculate the remainder when 12198 is divided by 74.
62
Calculate the remainder when 243536 is divided by 490.
6
What is the remainder when 5405 is divided by 5235?
170
Calculate the remainder when 891 is divided by 147.
9
What is the remainder when 159048 is divided by 1515?
1488
What is the remainder when 39272 is divided by 120?
32
Calculate the remainder when 102 is divided by 24.
6
What is the remainder when 13855 is divided by 6927?
1
Calculate the remainder when 49100 is divided by 2450.
100
What is the remainder when 37317 is divided by 82?
7
What is the remainder when 44491 is divided by 874?
791
Calculate the remainder when 59661 is divided by 62.
17
What is the remainder when 7777 is divided by 53?
39
Calculate the remainder when 2079 is divided by 233.
215
What is the remainder when 165626 is divided by 33?
32
Calculate the remainder when 613 is divided by 447.
166
Calculate the remainder when 7054 is divided by 83.
82
Calculate the remainder when 399757 is divided by 101.
100
Calculate the remainder when 113873 is divided by 338.
305
What is the remainder when 312016 is divided by 798?
796
Calculate the remainder when 945 is divided by 114.
33
Calculate the remainder when 525054 is divided by 39.
36
What is the remainder when 132711 is divided by 73?
70
Calculate the remainder when 8033 is divided by 268.
261
Calculate the remainder when 3715 is divided by 54.
43
Calculate the remainder when 28037 is divided by 40.
37
Calculate the remainder when 379452 is divided by 46.
44
Calculate the remainder when 34885 is divided by 45.
10
What is the remainder when 271999 is divided by 271992?
7
Calculate the remainder when 1128537 is divided by 420.
417
Calculate the remainder when 32676 is divided by 644.
476
Calculate the remainder when 1922 is divided by 622.
56
What is the remainder when 46768 is divided by 266?
218
Calculate the remainder when 2573 is divided by 17.
6
What is the remainder when 661681 is divided by 1057?
1056
What is the remainder when 18523 is divided by 96?
91
What is the remainder when 9393 is divided by 2338?
41
Calculate the remainder when 70550 is divided by 33.
29
Calculate the remainder when 106 is divided by 76.
30
What is the remainder when 52512 is divided by 26246?
20
What is the remainder when 9030 is divided by 4497?
36
Calculate the remainder when 449644 is divided by 203.
202
Calculate the remainder when 3657059 is divided by 660.
659
Calculate the remainder when 5043 is divided by 1032.
915
What is the remainder when 2011655 is divided by 316?
315
Calculate the remainder when 1071316 is divided by 79.
76
What is the remainder when 43835 is divided by 3985?
0
What is the remainder when 6433 is divided by 238?
7
Calculate the remainder when 56058 is divided by 28012.
34
Calculate the remainder when 16650 is divided by 101.
86
Calculate the remainder when 311954 is divided by 167.
165
Calculate the remainder when 320954 is divided by 25.
4
Calculate the remainder when 2473 is divided by 806.
55
What is the remainder when 736 is divided by 114?
52
What is the remainder when 40612 is divided by 4509?
31
Calculate the remainder when 73962 is divided by 2958.
12
What is the remainder when 174045 is divided by 112?
109
What is the remainder when 1698 is divided by 90?
78
What is the remainder when 61263 is divided by 2450?
13
What is the remainder when 24168 is divided by 24153?
15
What is the remainder when 356953 is divided by 730?
713
What is the remainder when 6201 is divided by 145?
111
What is the remainder when 1302 is divided by 224?
182
What is the remainder when 263292 is divided by 131632?
28
What is the remainder when 17410 is divided by 175?
85
What is the remainder when 5787 is divided by 1585?
1032
What is the remainder when 71891 is divided by 17969?
15
Calculate the remainder when 133855 is divided by 109.
3
Calculate the remainder when 58958 is divided by 80.
78
Calculate the remainder when 366 is divided by 63.
51
What is the remainder when 3567 is divided by 229?
132
What is the remainder when 18492 is divided by 19?
5
What is the remainder when 10618 is divided by 303?
13
Calculate the remainder when 25563 is divided by 568.
3
What is the remainder when 57080 is divided by 100?
80
What is the remainder when 17336 is divided by 4324?
40
Calculate the remainder when 23323 is divided by 5772.
235
Calculate the remainder when 9840 is divided by 1405.
5
What is the remainder when 144491 is divided by 48159?
14
Calculate the remainder when 45379 is divided by 102.
91
What is the remainder when 10111 is divided by 128?
127
What is the remainder when 34315 is divided by 17154?
7
What is the remainder when 5959 is divided by 56?
23
What is the remainder when 2574 is divided by 609?
138
Calculate the remainder when 2774 is divided by 460.
14
Calculate the remainder when 3276 is divided by 216.
36
Calculate the remainder when 5438 is divided by 906.
2
Calculate the remainder when 1848434 is divided by 533.
523
What is the remainder when 10682 is divided by 446?
424
Calculate the remainder when 7944 is divided by 297.
222
Calculate the remainder when 329337 is divided by 12.
9
What is the remainder when 4075 is divided by 101?
35
What is the remainder when 71749 is divided by 544?
485
What is the remainder when 292294 is divided by 13286?
2
What is the remainder when 305 is divided by 4?
1
Calculate the remainder when 36162 is divided by 320.
2
What is the remainder when 7594 is divided by 24?
10
What is the remainder when 9199 is divided by 4595?
9
Calculate the remainder when 80926 is divided by 2890.
6
What is the remainder when 654 is divided by 123?
39
Calculate the remainder when 84594 is divided by 7689.
15
Calculate the remainder when 23960 is divided by 3974.
116
Calculate the remainder when 1044 is divided by 172.
12
What is the remainder when 3624 is divided by 433?
160
Calculate the remainder when 3699 is divided by 299.
111
Calculate the remainder when 37121 is divided by 27.
23
What is the remainder when 321594 is divided by 64317?
9
Calculate the remainder when 5382 is divided by 1312.
134
What is the remainder when 453501 is divided by 13?
9
What is the remainder when 2400 is divided by 108?
24
What is the remainder when 259694 is divided by 1134?
8
Calculate the remainder when 458026 is divided by 12.
10
Calculate the remainder when 7729 is divided by 1103.
8
What is the remainder when 224132 is divided by 110?
62
Calculate the remainder when 18817 is divided by 65.
32
What is the remainder when 20699 is divided by 3448?
11
What is the remainder when 61595 is divided by 147?
2
Calculate the remainder when 6018 is divided by 289.
238
What is the remainder when 396202 is divided by 1446?
1444
Calculate the remainder when 56551 is divided by 17.
9
Calculate the remainder when 45009 is divided by 1800.
9
What is the remainder when 1232 is divided by 236?
52
Calculate the remainder when 35545 is divided by 3554.
5
What is the remainder when 244451 is divided by 81483?
2
What is the remainder when 1696 is divided by 427?
415
Calculate the remainder when 99222 is divided by 244.
158
What is the remainder when 166735 is divided by 143?
140
What is the remainder when 40463 is divided by 40421?
42
What is the remainder when 1110046 is divided by 7?
0
Calculate the remainder when 7058 is divided by 65.
38
What is the rem